{"id":677,"date":"2019-02-20T15:34:46","date_gmt":"2019-02-20T15:34:46","guid":{"rendered":"http:\/\/poliexpert.pl\/?page_id=677"},"modified":"2019-02-22T15:14:53","modified_gmt":"2019-02-22T15:14:53","slug":"testowa-podstrona","status":"publish","type":"page","link":"https:\/\/poliexpert.pl\/?page_id=677","title":{"rendered":"SZKOLENIA TECHNOLOGICZNE"},"content":{"rendered":"<p>[vc_row][vc_column width=&#8221;1\/3&#8243; ct_column_class=&#8221;rm-padding-lg&#8221; css=&#8221;.vc_custom_1533307413230{padding-right: 55px !important;}&#8221;][vc_wp_custommenu nav_menu=&#8221;29&#8243; title=&#8221;Oferta&#8221;][\/vc_column][vc_column width=&#8221;2\/3&#8243;][cms_heading text_source=&#8221;post-page-title&#8221; font_weight=&#8221;&#8221; margin_bottom=&#8221;34&#8243;][vc_gallery type=&#8221;flexslider_slide&#8221; interval=&#8221;0&#8243; images=&#8221;925&#8243; img_size=&#8221;900&#215;460&#8243; onclick=&#8221;&#8221;][vc_column_text css=&#8221;.vc_custom_1550682267386{margin-bottom: 0px !important;}&#8221;]Pewnie zastanawiasz si\u0119 dlaczego masz tyle problem\u00f3w z jako\u015bci\u0105 produkowanych detali z tworzyw?<br \/>\nA kiedy ostatnio twoi pracownicy mieli zorganizowane szkolenie, kt\u00f3re pomo\u017ce im podejmowa\u0107 odpowiedzialne decyzje i zapanowa\u0107 nad procesem?<br \/>\nNie mo\u017cna wymaga\u0107 od pracownika zbyt wiele nie szkol\u0105c go. Nasze wieloletnie do\u015bwiadczenie pokazuje, \u017ce pracownicy znacznie bardziej anga\u017cuj\u0105 si\u0119 w produkcj\u0119 gdy s\u0105 wyposa\u017ceni w wiedz\u0119 i umiej\u0119tno\u015bci w danym zakresie.<\/p>\n<p><strong>Jeste\u015bmy w stanie przygotowa\u0107 indywidualny plan szkole\u0144 dla Twojej firmy z nast\u0119puj\u0105cych zakres\u00f3w:<\/strong><\/p>\n<p>[\/vc_column_text][vc_empty_space height=&#8221;10px&#8221;][cms_list cms_list=&#8221;%5B%7B%22cms_list_item%22%3A%22Tworzywa%20sztuczne%2C%20w%C5%82a%C5%9Bciwo%C5%9Bci%2C%20przetw%C3%B3rstwo%20%E2%80%93%20wiadomo%C5%9Bci%20niezb%C4%99dne%20do%20tego%20%C5%BCeby%20m%C3%B3c%20zapanowa%C4%87%20nad%20procesem%20przetw%C3%B3rstwa%20%22%7D%2C%7B%22cms_list_item%22%3A%22Ustawianie%20procesu%20wtryskiwania%20%E2%80%93%20aby%20zrozumie%C4%87%20trudny%20proces%20wtryskiwania%20i%20to%20co%20si%C4%99%20w%20nim%20dzieje%20%22%7D%2C%7B%22cms_list_item%22%3A%22Narz%C4%99dzie%20w%20kt%C3%B3rym%20powstaje%20wypraska%20%E2%80%93%20wiele%20problem%C3%B3w%20powstaje%20w%C5%82a%C5%9Bnie%20tam%2C%20zatem%20poznaj%20co%20dzieje%20si%C4%99%20w%20formie%20wtryskowej%20%22%7D%2C%7B%22cms_list_item%22%3A%22Wady%20wyprasek%20wtryskowych%20%20-%20to%20%C5%BCe%20s%C4%85%20to%20ka%C5%BCdy%20wie%2C%20ale%20co%20zrobi%C4%87%20%C5%BCeby%20ich%20nie%20by%C5%82o%3F%22%7D%2C%7B%22cms_list_item%22%3A%22Testy%20tworzywa%20i%20wyrob%C3%B3w%20gotowych%20-%20%20jak%20walczy%C4%87%20z%20jako%C5%9Bci%C4%85%20a%20w%C5%82a%C5%9Bciwie%20o%20jako%C5%9B%C4%87%22%7D%2C%7B%22cms_list_item%22%3A%22Wyt%C5%82aczanie%20wyrob%C3%B3w%20z%20tworzyw%2C%20wady%20i%20ich%20usuwanie%20%22%7D%5D&#8221;][\/vc_column][\/vc_row]<\/p>\n","protected":false},"excerpt":{"rendered":"<p>[vc_row][vc_column width=&#8221;1\/3&#8243; ct_column_class=&#8221;rm-padding-lg&#8221; css=&#8221;.vc_custom_1533307413230{padding-right: 55px !important;}&#8221;][vc_wp_custommenu nav_menu=&#8221;29&#8243; title=&#8221;Oferta&#8221;][\/vc_column][vc_column width=&#8221;2\/3&#8243;][cms_heading text_source=&#8221;post-page-title&#8221; font_weight=&#8221;&#8221; margin_bottom=&#8221;34&#8243;][vc_gallery type=&#8221;flexslider_slide&#8221; interval=&#8221;0&#8243; images=&#8221;925&#8243; img_size=&#8221;900&#215;460&#8243; onclick=&#8221;&#8221;][vc_column_text css=&#8221;.vc_custom_1550682267386{margin-bottom: 0px !important;}&#8221;]Pewnie zastanawiasz si\u0119 dlaczego masz tyle problem\u00f3w z jako\u015bci\u0105 produkowanych detali z tworzyw? A kiedy ostatnio twoi pracownicy mieli zorganizowane szkolenie, kt\u00f3re pomo\u017ce im podejmowa\u0107 odpowiedzialne decyzje i zapanowa\u0107 nad procesem? Nie mo\u017cna wymaga\u0107 od pracownika [&hellip;]<\/p>\n","protected":false},"author":2,"featured_media":0,"parent":0,"menu_order":0,"comment_status":"closed","ping_status":"closed","template":"","meta":{"footnotes":""},"yoast_head":"<!-- This site is optimized with the Yoast SEO plugin v22.6 - https:\/\/yoast.com\/wordpress\/plugins\/seo\/ -->\n<title>Poliexpert - Szkolenia | Doradztwo Technologiczne - SZKOLENIA TECHNOLOGICZNE<\/title>\n<meta name=\"description\" content=\"%\" \/>\n<meta name=\"robots\" content=\"index, follow, max-snippet:-1, max-image-preview:large, max-video-preview:-1\" \/>\n<link rel=\"canonical\" href=\"https:\/\/poliexpert.pl\/?page_id=677\" \/>\n<meta property=\"og:locale\" content=\"pl_PL\" \/>\n<meta property=\"og:type\" content=\"article\" \/>\n<meta property=\"og:title\" content=\"Poliexpert - Szkolenia | Doradztwo Technologiczne - SZKOLENIA TECHNOLOGICZNE\" \/>\n<meta property=\"og:description\" content=\"%\" \/>\n<meta property=\"og:url\" content=\"https:\/\/poliexpert.pl\/?page_id=677\" \/>\n<meta property=\"og:site_name\" content=\"Poliexpert - Szkolenia | Doradztwo Technologiczne\" \/>\n<meta property=\"article:modified_time\" content=\"2019-02-22T15:14:53+00:00\" \/>\n<meta name=\"twitter:card\" content=\"summary_large_image\" \/>\n<meta name=\"twitter:label1\" content=\"Szacowany czas czytania\" \/>\n\t<meta name=\"twitter:data1\" content=\"2 minuty\" \/>\n<script type=\"application\/ld+json\" class=\"yoast-schema-graph\">{\"@context\":\"https:\/\/schema.org\",\"@graph\":[{\"@type\":\"WebPage\",\"@id\":\"https:\/\/poliexpert.pl\/?page_id=677\",\"url\":\"https:\/\/poliexpert.pl\/?page_id=677\",\"name\":\"Poliexpert - Szkolenia | Doradztwo Technologiczne - SZKOLENIA TECHNOLOGICZNE\",\"isPartOf\":{\"@id\":\"https:\/\/poliexpert.pl\/#website\"},\"datePublished\":\"2019-02-20T15:34:46+00:00\",\"dateModified\":\"2019-02-22T15:14:53+00:00\",\"description\":\"%\",\"breadcrumb\":{\"@id\":\"https:\/\/poliexpert.pl\/?page_id=677#breadcrumb\"},\"inLanguage\":\"pl-PL\",\"potentialAction\":[{\"@type\":\"ReadAction\",\"target\":[\"https:\/\/poliexpert.pl\/?page_id=677\"]}]},{\"@type\":\"BreadcrumbList\",\"@id\":\"https:\/\/poliexpert.pl\/?page_id=677#breadcrumb\",\"itemListElement\":[{\"@type\":\"ListItem\",\"position\":1,\"name\":\"Strona g\u0142\u00f3wna\",\"item\":\"https:\/\/poliexpert.pl\/\"},{\"@type\":\"ListItem\",\"position\":2,\"name\":\"SZKOLENIA TECHNOLOGICZNE\"}]},{\"@type\":\"WebSite\",\"@id\":\"https:\/\/poliexpert.pl\/#website\",\"url\":\"https:\/\/poliexpert.pl\/\",\"name\":\"Poliexpert - Szkolenia | Doradztwo Technologiczne\",\"description\":\"Poliexpert\",\"publisher\":{\"@id\":\"https:\/\/poliexpert.pl\/#organization\"},\"potentialAction\":[{\"@type\":\"SearchAction\",\"target\":{\"@type\":\"EntryPoint\",\"urlTemplate\":\"https:\/\/poliexpert.pl\/?s={search_term_string}\"},\"query-input\":\"required name=search_term_string\"}],\"inLanguage\":\"pl-PL\"},{\"@type\":\"Organization\",\"@id\":\"https:\/\/poliexpert.pl\/#organization\",\"name\":\"Poliexpert - Szkolenia | Doradztwo Technologiczne\",\"url\":\"https:\/\/poliexpert.pl\/\",\"logo\":{\"@type\":\"ImageObject\",\"inLanguage\":\"pl-PL\",\"@id\":\"https:\/\/poliexpert.pl\/#\/schema\/logo\/image\/\",\"url\":\"https:\/\/poliexpert.pl\/wp-content\/uploads\/2019\/02\/cropped-logo_mail.jpg\",\"contentUrl\":\"https:\/\/poliexpert.pl\/wp-content\/uploads\/2019\/02\/cropped-logo_mail.jpg\",\"width\":150,\"height\":52,\"caption\":\"Poliexpert - Szkolenia | Doradztwo Technologiczne\"},\"image\":{\"@id\":\"https:\/\/poliexpert.pl\/#\/schema\/logo\/image\/\"}}]}<\/script>\n<!-- \/ Yoast SEO plugin. -->","yoast_head_json":{"title":"Poliexpert - Szkolenia | Doradztwo Technologiczne - SZKOLENIA TECHNOLOGICZNE","description":"%","robots":{"index":"index","follow":"follow","max-snippet":"max-snippet:-1","max-image-preview":"max-image-preview:large","max-video-preview":"max-video-preview:-1"},"canonical":"https:\/\/poliexpert.pl\/?page_id=677","og_locale":"pl_PL","og_type":"article","og_title":"Poliexpert - Szkolenia | Doradztwo Technologiczne - SZKOLENIA TECHNOLOGICZNE","og_description":"%","og_url":"https:\/\/poliexpert.pl\/?page_id=677","og_site_name":"Poliexpert - Szkolenia | Doradztwo Technologiczne","article_modified_time":"2019-02-22T15:14:53+00:00","twitter_card":"summary_large_image","twitter_misc":{"Szacowany czas czytania":"2 minuty"},"schema":{"@context":"https:\/\/schema.org","@graph":[{"@type":"WebPage","@id":"https:\/\/poliexpert.pl\/?page_id=677","url":"https:\/\/poliexpert.pl\/?page_id=677","name":"Poliexpert - Szkolenia | Doradztwo Technologiczne - SZKOLENIA TECHNOLOGICZNE","isPartOf":{"@id":"https:\/\/poliexpert.pl\/#website"},"datePublished":"2019-02-20T15:34:46+00:00","dateModified":"2019-02-22T15:14:53+00:00","description":"%","breadcrumb":{"@id":"https:\/\/poliexpert.pl\/?page_id=677#breadcrumb"},"inLanguage":"pl-PL","potentialAction":[{"@type":"ReadAction","target":["https:\/\/poliexpert.pl\/?page_id=677"]}]},{"@type":"BreadcrumbList","@id":"https:\/\/poliexpert.pl\/?page_id=677#breadcrumb","itemListElement":[{"@type":"ListItem","position":1,"name":"Strona g\u0142\u00f3wna","item":"https:\/\/poliexpert.pl\/"},{"@type":"ListItem","position":2,"name":"SZKOLENIA TECHNOLOGICZNE"}]},{"@type":"WebSite","@id":"https:\/\/poliexpert.pl\/#website","url":"https:\/\/poliexpert.pl\/","name":"Poliexpert - Szkolenia | Doradztwo Technologiczne","description":"Poliexpert","publisher":{"@id":"https:\/\/poliexpert.pl\/#organization"},"potentialAction":[{"@type":"SearchAction","target":{"@type":"EntryPoint","urlTemplate":"https:\/\/poliexpert.pl\/?s={search_term_string}"},"query-input":"required name=search_term_string"}],"inLanguage":"pl-PL"},{"@type":"Organization","@id":"https:\/\/poliexpert.pl\/#organization","name":"Poliexpert - Szkolenia | Doradztwo Technologiczne","url":"https:\/\/poliexpert.pl\/","logo":{"@type":"ImageObject","inLanguage":"pl-PL","@id":"https:\/\/poliexpert.pl\/#\/schema\/logo\/image\/","url":"https:\/\/poliexpert.pl\/wp-content\/uploads\/2019\/02\/cropped-logo_mail.jpg","contentUrl":"https:\/\/poliexpert.pl\/wp-content\/uploads\/2019\/02\/cropped-logo_mail.jpg","width":150,"height":52,"caption":"Poliexpert - Szkolenia | Doradztwo Technologiczne"},"image":{"@id":"https:\/\/poliexpert.pl\/#\/schema\/logo\/image\/"}}]}},"_links":{"self":[{"href":"https:\/\/poliexpert.pl\/index.php?rest_route=\/wp\/v2\/pages\/677"}],"collection":[{"href":"https:\/\/poliexpert.pl\/index.php?rest_route=\/wp\/v2\/pages"}],"about":[{"href":"https:\/\/poliexpert.pl\/index.php?rest_route=\/wp\/v2\/types\/page"}],"author":[{"embeddable":true,"href":"https:\/\/poliexpert.pl\/index.php?rest_route=\/wp\/v2\/users\/2"}],"replies":[{"embeddable":true,"href":"https:\/\/poliexpert.pl\/index.php?rest_route=%2Fwp%2Fv2%2Fcomments&post=677"}],"version-history":[{"count":25,"href":"https:\/\/poliexpert.pl\/index.php?rest_route=\/wp\/v2\/pages\/677\/revisions"}],"predecessor-version":[{"id":930,"href":"https:\/\/poliexpert.pl\/index.php?rest_route=\/wp\/v2\/pages\/677\/revisions\/930"}],"wp:attachment":[{"href":"https:\/\/poliexpert.pl\/index.php?rest_route=%2Fwp%2Fv2%2Fmedia&parent=677"}],"curies":[{"name":"wp","href":"https:\/\/api.w.org\/{rel}","templated":true}]}}