{"id":700,"date":"2019-02-20T17:12:36","date_gmt":"2019-02-20T17:12:36","guid":{"rendered":"http:\/\/poliexpert.pl\/?page_id=700"},"modified":"2019-02-22T15:13:26","modified_gmt":"2019-02-22T15:13:26","slug":"dotacje-do-szkolen","status":"publish","type":"page","link":"https:\/\/poliexpert.pl\/?page_id=700","title":{"rendered":"DOTACJE DO SZKOLE\u0143"},"content":{"rendered":"<p>[vc_row][vc_column width=&#8221;1\/3&#8243; ct_column_class=&#8221;rm-padding-lg&#8221; css=&#8221;.vc_custom_1533307413230{padding-right: 55px !important;}&#8221;][vc_wp_custommenu nav_menu=&#8221;29&#8243; title=&#8221;Oferta&#8221;][\/vc_column][vc_column width=&#8221;2\/3&#8243;][cms_heading text_source=&#8221;post-page-title&#8221; font_weight=&#8221;&#8221; margin_bottom=&#8221;34&#8243;][vc_gallery type=&#8221;flexslider_slide&#8221; interval=&#8221;0&#8243; images=&#8221;923&#8243; img_size=&#8221;900&#215;460&#8243; onclick=&#8221;&#8221;][vc_wp_text]<\/p>\n<h5>Zyskaj nawet do 80% dofinansowania do szkolenia!<\/h5>\n<p>Szkolenia nie nale\u017c\u0105 do tanich, bo wiedza kosztuje.\u00a0 Ale nie mo\u017cesz m\u00f3wi\u0107, \u017ce ci\u0119 na ni\u0105 nie sta\u0107, bo nie podejmiesz powa\u017cnych projekt\u00f3w nie maj\u0105c zaplecza wyszkolonych pracownik\u00f3w. Je\u015bli jeste\u015b ma\u0142ym i \u015brednim przedsi\u0119biorc\u0105 mo\u017cesz stara\u0107 si\u0119 w swoim wojew\u00f3dztwie o dofinansowanie cyklu szkole\u0144 zawodowych, kt\u00f3re prowadzimy.<\/p>\n<p>To my zajmiemy si\u0119 znalezieniem najkorzystniejszej instytucji finansuj\u0105cej w twoim wojew\u00f3dztwie i przygotujemy projekt na sfinansowanie takiego cyklu szkole\u0144. Powiedz tylko kiedy i jakie szkolenia chcesz przeprowadzi\u0107 w Twojej firmie \u2013 reszt\u0119 pozostaw nam.[\/vc_wp_text][\/vc_column][\/vc_row]<\/p>\n","protected":false},"excerpt":{"rendered":"<p>[vc_row][vc_column width=&#8221;1\/3&#8243; ct_column_class=&#8221;rm-padding-lg&#8221; css=&#8221;.vc_custom_1533307413230{padding-right: 55px !important;}&#8221;][vc_wp_custommenu nav_menu=&#8221;29&#8243; title=&#8221;Oferta&#8221;][\/vc_column][vc_column width=&#8221;2\/3&#8243;][cms_heading text_source=&#8221;post-page-title&#8221; font_weight=&#8221;&#8221; margin_bottom=&#8221;34&#8243;][vc_gallery type=&#8221;flexslider_slide&#8221; interval=&#8221;0&#8243; images=&#8221;923&#8243; img_size=&#8221;900&#215;460&#8243; onclick=&#8221;&#8221;][vc_wp_text] Zyskaj nawet do 80% dofinansowania do szkolenia! Szkolenia nie nale\u017c\u0105 do tanich, bo wiedza kosztuje.\u00a0 Ale nie mo\u017cesz m\u00f3wi\u0107, \u017ce ci\u0119 na ni\u0105 nie sta\u0107, bo nie podejmiesz powa\u017cnych projekt\u00f3w nie maj\u0105c zaplecza wyszkolonych pracownik\u00f3w. Je\u015bli jeste\u015b ma\u0142ym [&hellip;]<\/p>\n","protected":false},"author":2,"featured_media":0,"parent":0,"menu_order":0,"comment_status":"closed","ping_status":"closed","template":"","meta":{"footnotes":""},"yoast_head":"<!-- This site is optimized with the Yoast SEO plugin v22.6 - https:\/\/yoast.com\/wordpress\/plugins\/seo\/ -->\n<title>Poliexpert - Szkolenia | Doradztwo Technologiczne - DOTACJE DO SZKOLE\u0143<\/title>\n<meta name=\"description\" content=\"%\" \/>\n<meta name=\"robots\" content=\"index, follow, max-snippet:-1, max-image-preview:large, max-video-preview:-1\" \/>\n<link rel=\"canonical\" href=\"https:\/\/poliexpert.pl\/?page_id=700\" \/>\n<meta property=\"og:locale\" content=\"pl_PL\" \/>\n<meta property=\"og:type\" content=\"article\" \/>\n<meta property=\"og:title\" content=\"Poliexpert - Szkolenia | Doradztwo Technologiczne - DOTACJE DO SZKOLE\u0143\" \/>\n<meta property=\"og:description\" content=\"%\" \/>\n<meta property=\"og:url\" content=\"https:\/\/poliexpert.pl\/?page_id=700\" \/>\n<meta property=\"og:site_name\" content=\"Poliexpert - Szkolenia | Doradztwo Technologiczne\" \/>\n<meta property=\"article:modified_time\" content=\"2019-02-22T15:13:26+00:00\" \/>\n<meta name=\"twitter:card\" content=\"summary_large_image\" \/>\n<meta name=\"twitter:label1\" content=\"Szacowany czas czytania\" \/>\n\t<meta name=\"twitter:data1\" content=\"1 minuta\" \/>\n<script type=\"application\/ld+json\" class=\"yoast-schema-graph\">{\"@context\":\"https:\/\/schema.org\",\"@graph\":[{\"@type\":\"WebPage\",\"@id\":\"https:\/\/poliexpert.pl\/?page_id=700\",\"url\":\"https:\/\/poliexpert.pl\/?page_id=700\",\"name\":\"Poliexpert - Szkolenia | Doradztwo Technologiczne - DOTACJE DO SZKOLE\u0143\",\"isPartOf\":{\"@id\":\"https:\/\/poliexpert.pl\/#website\"},\"datePublished\":\"2019-02-20T17:12:36+00:00\",\"dateModified\":\"2019-02-22T15:13:26+00:00\",\"description\":\"%\",\"breadcrumb\":{\"@id\":\"https:\/\/poliexpert.pl\/?page_id=700#breadcrumb\"},\"inLanguage\":\"pl-PL\",\"potentialAction\":[{\"@type\":\"ReadAction\",\"target\":[\"https:\/\/poliexpert.pl\/?page_id=700\"]}]},{\"@type\":\"BreadcrumbList\",\"@id\":\"https:\/\/poliexpert.pl\/?page_id=700#breadcrumb\",\"itemListElement\":[{\"@type\":\"ListItem\",\"position\":1,\"name\":\"Strona g\u0142\u00f3wna\",\"item\":\"https:\/\/poliexpert.pl\/\"},{\"@type\":\"ListItem\",\"position\":2,\"name\":\"DOTACJE DO SZKOLE\u0143\"}]},{\"@type\":\"WebSite\",\"@id\":\"https:\/\/poliexpert.pl\/#website\",\"url\":\"https:\/\/poliexpert.pl\/\",\"name\":\"Poliexpert - Szkolenia | Doradztwo Technologiczne\",\"description\":\"Poliexpert\",\"publisher\":{\"@id\":\"https:\/\/poliexpert.pl\/#organization\"},\"potentialAction\":[{\"@type\":\"SearchAction\",\"target\":{\"@type\":\"EntryPoint\",\"urlTemplate\":\"https:\/\/poliexpert.pl\/?s={search_term_string}\"},\"query-input\":\"required name=search_term_string\"}],\"inLanguage\":\"pl-PL\"},{\"@type\":\"Organization\",\"@id\":\"https:\/\/poliexpert.pl\/#organization\",\"name\":\"Poliexpert - Szkolenia | Doradztwo Technologiczne\",\"url\":\"https:\/\/poliexpert.pl\/\",\"logo\":{\"@type\":\"ImageObject\",\"inLanguage\":\"pl-PL\",\"@id\":\"https:\/\/poliexpert.pl\/#\/schema\/logo\/image\/\",\"url\":\"https:\/\/poliexpert.pl\/wp-content\/uploads\/2019\/02\/cropped-logo_mail.jpg\",\"contentUrl\":\"https:\/\/poliexpert.pl\/wp-content\/uploads\/2019\/02\/cropped-logo_mail.jpg\",\"width\":150,\"height\":52,\"caption\":\"Poliexpert - Szkolenia | Doradztwo Technologiczne\"},\"image\":{\"@id\":\"https:\/\/poliexpert.pl\/#\/schema\/logo\/image\/\"}}]}<\/script>\n<!-- \/ Yoast SEO plugin. -->","yoast_head_json":{"title":"Poliexpert - Szkolenia | Doradztwo Technologiczne - DOTACJE DO SZKOLE\u0143","description":"%","robots":{"index":"index","follow":"follow","max-snippet":"max-snippet:-1","max-image-preview":"max-image-preview:large","max-video-preview":"max-video-preview:-1"},"canonical":"https:\/\/poliexpert.pl\/?page_id=700","og_locale":"pl_PL","og_type":"article","og_title":"Poliexpert - Szkolenia | Doradztwo Technologiczne - DOTACJE DO SZKOLE\u0143","og_description":"%","og_url":"https:\/\/poliexpert.pl\/?page_id=700","og_site_name":"Poliexpert - Szkolenia | Doradztwo Technologiczne","article_modified_time":"2019-02-22T15:13:26+00:00","twitter_card":"summary_large_image","twitter_misc":{"Szacowany czas czytania":"1 minuta"},"schema":{"@context":"https:\/\/schema.org","@graph":[{"@type":"WebPage","@id":"https:\/\/poliexpert.pl\/?page_id=700","url":"https:\/\/poliexpert.pl\/?page_id=700","name":"Poliexpert - Szkolenia | Doradztwo Technologiczne - DOTACJE DO SZKOLE\u0143","isPartOf":{"@id":"https:\/\/poliexpert.pl\/#website"},"datePublished":"2019-02-20T17:12:36+00:00","dateModified":"2019-02-22T15:13:26+00:00","description":"%","breadcrumb":{"@id":"https:\/\/poliexpert.pl\/?page_id=700#breadcrumb"},"inLanguage":"pl-PL","potentialAction":[{"@type":"ReadAction","target":["https:\/\/poliexpert.pl\/?page_id=700"]}]},{"@type":"BreadcrumbList","@id":"https:\/\/poliexpert.pl\/?page_id=700#breadcrumb","itemListElement":[{"@type":"ListItem","position":1,"name":"Strona g\u0142\u00f3wna","item":"https:\/\/poliexpert.pl\/"},{"@type":"ListItem","position":2,"name":"DOTACJE DO SZKOLE\u0143"}]},{"@type":"WebSite","@id":"https:\/\/poliexpert.pl\/#website","url":"https:\/\/poliexpert.pl\/","name":"Poliexpert - Szkolenia | Doradztwo Technologiczne","description":"Poliexpert","publisher":{"@id":"https:\/\/poliexpert.pl\/#organization"},"potentialAction":[{"@type":"SearchAction","target":{"@type":"EntryPoint","urlTemplate":"https:\/\/poliexpert.pl\/?s={search_term_string}"},"query-input":"required name=search_term_string"}],"inLanguage":"pl-PL"},{"@type":"Organization","@id":"https:\/\/poliexpert.pl\/#organization","name":"Poliexpert - Szkolenia | Doradztwo Technologiczne","url":"https:\/\/poliexpert.pl\/","logo":{"@type":"ImageObject","inLanguage":"pl-PL","@id":"https:\/\/poliexpert.pl\/#\/schema\/logo\/image\/","url":"https:\/\/poliexpert.pl\/wp-content\/uploads\/2019\/02\/cropped-logo_mail.jpg","contentUrl":"https:\/\/poliexpert.pl\/wp-content\/uploads\/2019\/02\/cropped-logo_mail.jpg","width":150,"height":52,"caption":"Poliexpert - Szkolenia | Doradztwo Technologiczne"},"image":{"@id":"https:\/\/poliexpert.pl\/#\/schema\/logo\/image\/"}}]}},"_links":{"self":[{"href":"https:\/\/poliexpert.pl\/index.php?rest_route=\/wp\/v2\/pages\/700"}],"collection":[{"href":"https:\/\/poliexpert.pl\/index.php?rest_route=\/wp\/v2\/pages"}],"about":[{"href":"https:\/\/poliexpert.pl\/index.php?rest_route=\/wp\/v2\/types\/page"}],"author":[{"embeddable":true,"href":"https:\/\/poliexpert.pl\/index.php?rest_route=\/wp\/v2\/users\/2"}],"replies":[{"embeddable":true,"href":"https:\/\/poliexpert.pl\/index.php?rest_route=%2Fwp%2Fv2%2Fcomments&post=700"}],"version-history":[{"count":14,"href":"https:\/\/poliexpert.pl\/index.php?rest_route=\/wp\/v2\/pages\/700\/revisions"}],"predecessor-version":[{"id":928,"href":"https:\/\/poliexpert.pl\/index.php?rest_route=\/wp\/v2\/pages\/700\/revisions\/928"}],"wp:attachment":[{"href":"https:\/\/poliexpert.pl\/index.php?rest_route=%2Fwp%2Fv2%2Fmedia&parent=700"}],"curies":[{"name":"wp","href":"https:\/\/api.w.org\/{rel}","templated":true}]}}